{"version":"1.0","provider_name":"A boldog\u00edt\u00f3 MOST","provider_url":"https:\/\/boldogitomost.cafeblog.hu","author_name":"Molnar Petra","author_url":"https:\/\/boldogitomost.cafeblog.hu\/author\/try-beautifulgmail-com\/","title":"Astor sz\u00e1jf\u00e9ny","html":"Ez \u00fagy volt, hogy.... sz\u00f3val nem igaz\u00e1n szeretem a sz\u00e1jf\u00e9nyeket, mert \u00e1lland\u00f3an csak beleragad a hajam, nem tart\u00f3sak \u00e9s \u00e1ltal\u00e1ban a \"csillog\" a sz\u00e1m, n\u00e1lam nem el\u00e9g meggy\u0151z\u0151, viszont most kellemes meglepet\u00e9s \u00e9rt, \u00e9s ez nem m\u00e1s mint egy Astor sz\u00e1jf\u00e9ny.\r\n\r\n<a href=\"https:\/\/boldogitomost.cafeblog.hu\/files\/2014\/03\/IMG_1278.jpg\"><img class=\"aligncenter size-large wp-image-1049\" alt=\"IMG_1278\" src=\"https:\/\/boldogitomost.cafeblog.hu\/files\/2014\/03\/IMG_1278-600x399.jpg\" width=\"600\" height=\"399\" \/><\/a>\r\n\r\nEddig volt kb. 8 sz\u00e1jf\u00e9nyem, de leselejteztem \u0151ket, mert nem tetszett a sz\u00edn\u00fck \u00e9s nem is haszn\u00e1ltam \u0151ket. Viszont elk\u00eds\u00e9rtem a tes\u00f3mat a Rossmann-ba, amikor is az akci\u00f3s polcon tal\u00e1lkoztam vele, szerettem volna egy lil\u00e1s \u00e1rnyalat\u00fa r\u00fazst, \u00e9s v\u00e9g\u00fcl is ott \u00e1llt velem szemben, csak sz\u00e1jf\u00e9ny form\u00e1j\u00e1ban.\r\n\r\n<a href=\"https:\/\/boldogitomost.cafeblog.hu\/files\/2014\/03\/IMG_1279.jpg\"><img class=\"aligncenter size-large wp-image-1050\" alt=\"IMG_1279\" src=\"https:\/\/boldogitomost.cafeblog.hu\/files\/2014\/03\/IMG_1279-600x399.jpg\" width=\"600\" height=\"399\" \/><\/a>\r\n\r\nA 109 Prune nev\u0171 \u00e1rnyalatr\u00f3l besz\u00e9l\u00fcnk, nagyon sz\u00e9pen pigment\u00e1lt, hosszan tart\u00f3 \u00e9s sz\u00e9p f\u00e9ny\u0171. Emellett nincs az a ragacsos \u00e9rz\u00e9s, amit \u00e1ltal\u00e1ban sz\u00e1jf\u00e9nyekn\u00e9l \u00e9rz\u00fcnk.\r\n\r\n<a href=\"https:\/\/boldogitomost.cafeblog.hu\/files\/2014\/03\/IMG_1280.jpg\"><img class=\"aligncenter size-large wp-image-1051\" alt=\"IMG_1280\" src=\"https:\/\/boldogitomost.cafeblog.hu\/files\/2014\/03\/IMG_1280-600x399.jpg\" width=\"600\" height=\"399\" \/><\/a>\r\n\r\nItt l\u00e1thatj\u00e1tok a gy\u00f6ny\u00f6r\u0171 sz\u00edn\u00e9t, \u00e9s majdnem elfelejtettem megeml\u00edteni, hogy 399 Ft jutottam hozz\u00e1 :))\r\n\r\n<a href=\"https:\/\/boldogitomost.cafeblog.hu\/files\/2014\/03\/IMG_1286.jpg\"><img class=\"aligncenter size-large wp-image-1052\" alt=\"IMG_1286\" src=\"https:\/\/boldogitomost.cafeblog.hu\/files\/2014\/03\/IMG_1286-600x399.jpg\" width=\"600\" height=\"399\" \/><\/a>\r\n<p style=\"text-align: center\">\u00c9s persze, n\u00e9zz\u00e9tek meg a sz\u00e1mon is! :)<\/p>\r\n<p style=\"text-align: center\"><strong>Nektek, hogy tetszik? Volt m\u00e1r Astor sz\u00e1jf\u00e9nyetek vagy b\u00e1rmilyen m\u00e1s Astor term\u00e9ketek?<\/strong><\/p>","type":"rich","thumbnail_url":"https:\/\/boldogitomost.cafeblog.hu\/files\/2014\/03\/IMG_1278-150x150.jpg","thumbnail_width":150,"thumbnail_height":150}

A boldogító MOST

Astor szájfény

Ez úgy volt, hogy.... szóval nem igazán szeretem a szájfényeket, mert állandóan csak beleragad a hajam, nem tartósak és általában a "csillog" a szám, nálam nem elég meggyőző, viszont most kellemes meglepetés ért, és ez nem más mint egy Astor szájfény.

<a href="https://boldogitomost.cafeblog.hu/files/2014/03/IMG_1278.jpg"><img class="aligncenter size-large wp-image-1049" alt="IMG_1278" src="https://boldogitomost.cafeblog.hu/files/2014/03/IMG_1278-600x399.jpg" width="600" height="399" /></a>

Eddig volt kb. 8 szájfényem, de leselejteztem őket, mert nem tetszett a színük és nem is használtam őket. Viszont elkísértem a tesómat a Rossmann-ba, amikor is az akciós polcon találkoztam vele, szerettem volna egy lilás árnyalatú rúzst, és végül is ott állt velem szemben, csak szájfény formájában.

<a href="https://boldogitomost.cafeblog.hu/files/2014/03/IMG_1279.jpg"><img class="aligncenter size-large wp-image-1050" alt="IMG_1279" src="https://boldogitomost.cafeblog.hu/files/2014/03/IMG_1279-600x399.jpg" width="600" height="399" /></a>

A 109 Prune nevű árnyalatról beszélünk, nagyon szépen pigmentált, hosszan tartó és szép fényű. Emellett nincs az a ragacsos érzés, amit általában szájfényeknél érzünk.

<a href="https://boldogitomost.cafeblog.hu/files/2014/03/IMG_1280.jpg"><img class="aligncenter size-large wp-image-1051" alt="IMG_1280" src="https://boldogitomost.cafeblog.hu/files/2014/03/IMG_1280-600x399.jpg" width="600" height="399" /></a>

Itt láthatjátok a gyönyörű színét, és majdnem elfelejtettem megemlíteni, hogy 399 Ft jutottam hozzá :))

<a href="https://boldogitomost.cafeblog.hu/files/2014/03/IMG_1286.jpg"><img class="aligncenter size-large wp-image-1052" alt="IMG_1286" src="https://boldogitomost.cafeblog.hu/files/2014/03/IMG_1286-600x399.jpg" width="600" height="399" /></a>
<p style="text-align: center">És persze, nézzétek meg a számon is! :)</p>
<p style="text-align: center"><strong>Nektek, hogy tetszik? Volt már Astor szájfényetek vagy bármilyen más Astor terméketek?</strong></p>
